{"id":926,"date":"2020-03-17T16:30:22","date_gmt":"2020-03-17T15:30:22","guid":{"rendered":"http:\/\/www.asso-audrey.org\/?page_id=926"},"modified":"2020-03-17T16:51:06","modified_gmt":"2020-03-17T15:51:06","slug":"publicaciones","status":"publish","type":"page","link":"https:\/\/www.asso-audrey.org\/?page_id=926&lang=es","title":{"rendered":"Publicaciones"},"content":{"rendered":"<p>Aqu\u00ed hay referencias de libros que tratan sobre la meningitis pero especialmente sobre la vida con las discapacidades causadas por ella:<\/p>\n<p>\u00a0<\/p>\n\n<h6><img data-recalc-dims=\"1\" loading=\"lazy\" decoding=\"async\" class=\"size-full wp-image-927 alignleft\" src=\"https:\/\/i0.wp.com\/www.asso-audrey.org\/wp-content\/uploads\/2020\/03\/gd-petit-frere-2.jpg?resize=100%2C145&#038;ssl=1\" alt=\"\" width=\"100\" height=\"145\" \/>T\u00edtulo: Mi hermano mayor<\/h6>\n<h6>Edici\u00f3n: Bayard<\/h6>\n<h6>Autor: PESKINE Brigitte<\/h6>\n<h6>Historia: La novela trata sobre la relaci\u00f3n entre dos hermanos, uno de los cuales queda discapacitado despu\u00e9s de una meningitis. (A partir de los 9 a\u00f1os)<\/h6>\n<p>\u00a0<\/p>\n<p>\u00a0<\/p>\n<h6><u><b><img data-recalc-dims=\"1\" loading=\"lazy\" decoding=\"async\" class=\"size-full wp-image-928 alignleft\" src=\"https:\/\/i0.wp.com\/www.asso-audrey.org\/wp-content\/uploads\/2020\/03\/ecoute-2.jpg?resize=100%2C148&#038;ssl=1\" alt=\"\" width=\"100\" height=\"148\" \/><\/b><\/u><u><b><\/b><\/u><\/h6>\n<h6>T\u00edtulo: Listen to my lips<\/h6>\n<h6>Edici\u00f3n: Bayard<\/h6>\n<h6>Autor: NOVOTNY HUNTER Jana, traducida del estadounidense por Vanessa Rubio<\/h6>\n<h6>History: una novela que explica los problemas de la adolescencia, los sentimientos de amor y, por supuesto, te permite descubrir el comunidad sorda ya que la hero\u00edna se volvi\u00f3 sorda por meningitis. (A partir de 12 a\u00f1os)<\/h6>\n<p>\u00a0<\/p>\n<p>\u00a0<\/p>\n<p>\u00a0<\/p>\n<h6><b><u><img data-recalc-dims=\"1\" loading=\"lazy\" decoding=\"async\" class=\"size-full wp-image-930 alignleft\" src=\"https:\/\/i0.wp.com\/www.asso-audrey.org\/wp-content\/uploads\/2020\/03\/livre_menigite_bacteriennes-bis-2.jpg?resize=100%2C143&#038;ssl=1\" alt=\"\" width=\"100\" height=\"143\" \/><\/u><\/b>T\u00edtulo: Meningitis bacteriana<\/h6>\n<h6>Edici\u00f3n: INSERM<\/h6>\n<h6>Autor: experiencia colectiva INSERM<\/h6>\n<h6>Este trabajo constituye un documento de referencia en el campo de la meningitis para todos los actores de salud p\u00fablica, m\u00e9dicos, bi\u00f3logos, investigadores, docentes y estudiantes.<\/h6>\n<p>\u00a0<\/p>\n<p>\u00a0<\/p>\n<h6><b><u><img data-recalc-dims=\"1\" loading=\"lazy\" decoding=\"async\" class=\"size-full wp-image-931 alignleft\" src=\"https:\/\/i0.wp.com\/www.asso-audrey.org\/wp-content\/uploads\/2020\/03\/livre_meningite_communautaires-bis-2.jpg?resize=100%2C142&#038;ssl=1\" alt=\"\" width=\"100\" height=\"142\" \/><\/u><\/b><\/h6>\n<h6><strong><u>T\u00edtulo: <\/u><\/strong><strong>Meningitis bacteriana <\/strong><\/h6>\n<h6><strong>Edici\u00f3n: ELSEVIER <\/strong><\/h6>\n<h6><strong><u>Autor: <\/u><\/strong><strong>Edouard BINGEN <\/strong><\/h6>\n<h6><strong>Este trabajo, destinado a una amplia audiencia de profesionales, m\u00e9dicos y bi\u00f3logos, pasantes, estudiantes de medicina y farmacia, fue posible gracias a la colaboraci\u00f3n de los autores elegidos por su competencia y experiencia en el campo.<\/strong><\/h6>\n<h6><b><u>\u00a0<\/u><\/b><\/h6>\n\n\n<p><\/p>\n","protected":false},"excerpt":{"rendered":"<p>Aqu\u00ed hay referencias de libros que tratan sobre la meningitis pero especialmente sobre la vida con las discapacidades causadas por ella: \u00a0 T\u00edtulo: Mi hermano mayor Edici\u00f3n: Bayard Autor: PESKINE Brigitte Historia: La novela trata sobre la relaci\u00f3n entre dos hermanos, uno de los cuales queda discapacitado despu\u00e9s de una meningitis. (A partir de los [&hellip;]<\/p>\n","protected":false},"author":1,"featured_media":0,"parent":0,"menu_order":0,"comment_status":"closed","ping_status":"closed","template":"","meta":{"vkexunit_cta_each_option":"","footnotes":""},"folder":[],"class_list":["post-926","page","type-page","status-publish","hentry"],"jetpack_shortlink":"https:\/\/wp.me\/PbNfD9-eW","jetpack_sharing_enabled":true,"_links":{"self":[{"href":"https:\/\/www.asso-audrey.org\/index.php?rest_route=\/wp\/v2\/pages\/926","targetHints":{"allow":["GET"]}}],"collection":[{"href":"https:\/\/www.asso-audrey.org\/index.php?rest_route=\/wp\/v2\/pages"}],"about":[{"href":"https:\/\/www.asso-audrey.org\/index.php?rest_route=\/wp\/v2\/types\/page"}],"author":[{"embeddable":true,"href":"https:\/\/www.asso-audrey.org\/index.php?rest_route=\/wp\/v2\/users\/1"}],"replies":[{"embeddable":true,"href":"https:\/\/www.asso-audrey.org\/index.php?rest_route=%2Fwp%2Fv2%2Fcomments&post=926"}],"version-history":[{"count":13,"href":"https:\/\/www.asso-audrey.org\/index.php?rest_route=\/wp\/v2\/pages\/926\/revisions"}],"predecessor-version":[{"id":946,"href":"https:\/\/www.asso-audrey.org\/index.php?rest_route=\/wp\/v2\/pages\/926\/revisions\/946"}],"wp:attachment":[{"href":"https:\/\/www.asso-audrey.org\/index.php?rest_route=%2Fwp%2Fv2%2Fmedia&parent=926"}],"wp:term":[{"taxonomy":"folder","embeddable":true,"href":"https:\/\/www.asso-audrey.org\/index.php?rest_route=%2Fwp%2Fv2%2Ffolder&post=926"}],"curies":[{"name":"wp","href":"https:\/\/api.w.org\/{rel}","templated":true}]}}