{"id":806,"date":"2020-03-17T14:58:35","date_gmt":"2020-03-17T13:58:35","guid":{"rendered":"http:\/\/www.asso-audrey.org\/?page_id=806"},"modified":"2020-03-17T14:58:47","modified_gmt":"2020-03-17T13:58:47","slug":"meningitis-france-2","status":"publish","type":"page","link":"https:\/\/www.asso-audrey.org\/?page_id=806&lang=es","title":{"rendered":"Meningitis France"},"content":{"rendered":"<p><img data-recalc-dims=\"1\" loading=\"lazy\" decoding=\"async\" class=\"wp-image-807 alignleft\" src=\"https:\/\/i0.wp.com\/www.asso-audrey.org\/wp-content\/uploads\/2020\/03\/meningites-2.png?resize=241%2C133&#038;ssl=1\" alt=\"\" width=\"241\" height=\"133\" srcset=\"https:\/\/i0.wp.com\/www.asso-audrey.org\/wp-content\/uploads\/2020\/03\/meningites-2.png?resize=300%2C165&amp;ssl=1 300w, https:\/\/i0.wp.com\/www.asso-audrey.org\/wp-content\/uploads\/2020\/03\/meningites-2.png?resize=768%2C421&amp;ssl=1 768w, https:\/\/i0.wp.com\/www.asso-audrey.org\/wp-content\/uploads\/2020\/03\/meningites-2.png?resize=750%2C410&amp;ssl=1 750w, https:\/\/i0.wp.com\/www.asso-audrey.org\/wp-content\/uploads\/2020\/03\/meningites-2.png?w=933&amp;ssl=1 933w\" sizes=\"auto, (max-width: 241px) 100vw, 241px\" \/>El objetivo de la creaci\u00f3n de la\u00a0M\u00e9nigite France\u00a0es en primer lugar es de hacer\u00a0<b>perenne el trabajo efectuado por la asociaci\u00f3n<\/b>\u00a0Audrey y sus varias antenas y tambi\u00e9n de\u00a0<b>ayudar a las familias despu\u00e9s la meningitis (minusval\u00eda).<\/b><\/p>\n<p>\u00a0<\/p>\n<p>\u00a0<\/p>\n\n<div class=\"isoBlockPosition-none isoFloatClear-none fontFamilyStandardText fontSizeNormal fontColorStandardText \">\n<p align=\"left\">La\u00a0M\u00e9ningite France\u00a0tendr\u00e1 un\u00a0<b>impacto nacional<\/b>\u00a0pero podr\u00e1 beneficiar de\u00a0<b>subsidios y antenas europeas.<\/b><\/p>\n<\/div>\n<div class=\"isoBlockPosition-none isoFloatClear-none fontFamilyStandardText fontSizeNormal fontColorStandardText \">\n<p align=\"left\">La colaboraci\u00f3n entre Francia y \u00c1frica se realizar\u00e1 dentro de escuelas gracias a la prevenci\u00f3n, formaciones e intercambios\u2026<\/p>\n<\/div>\n<div class=\"isoBlockPosition-none isoFloatClear-none fontFamilyStandardText fontSizeNormal fontColorStandardText \">\n<p align=\"left\">La\u00a0M\u00e9ningite France\u00a0har\u00e1 falta un\u00a0<b>aspecto medical<\/b>, patrocinado por un comit\u00e9 cient\u00edfico que le permitir\u00e1 proponer varios cuidados a las familias (Ej.: pr\u00f3tesis en caso de amputaci\u00f3n\u2026).<\/p>\n<\/div>\n<div class=\"isoBlockPosition-none isoFloatClear-none fontFamilyStandardText fontSizeNormal fontColorStandardText \">\n<p align=\"left\">La M\u00e9ningite Francenecesitar\u00e1\u00a0<b>empleados<\/b>\u00a0y sus miembros tendr\u00e1n que ser personas de las antenas de la Asociaci\u00f3n Audrey.<\/p>\n<\/div>\n<div class=\"isoBlockPosition-none isoFloatClear-none fontFamilyStandardText fontSizeNormal fontColorStandardText \">\n<p align=\"left\">Sus\u00a0<b>recursos<\/b>\u00a0podr\u00e1n proceder de:\u00a0<b>subsidios, manifestaciones, espect\u00e1culos, donaciones, cotizaciones, \u2026<\/b><\/p>\n<\/div>\n<div class=\"isoBlockPosition-none isoFloatClear-none fontFamilyStandardText fontSizeNormal fontColorStandardText \">\n<p align=\"left\">Ya hemos pensado diferentes aspectos de la fundaci\u00f3n pero quedamos abiertos a toda evoluci\u00f3n posible para adaptarnos a las condiciones que encontrar\u00edamos.<\/p>\n<\/div>\n<div class=\"isoBlockPosition-none isoFloatClear-none fontFamilyStandardText fontSizeNormal fontColorStandardText \">\n<p align=\"left\">Que cualquier sugesti\u00f3n que permitir\u00eda evolucionar o mejorar las condiciones, sea la bienvenida.\u00a0<\/p>\n<\/div>\n\n\n<div class=\"wp-block-image\"><figure class=\"aligncenter size-full\"><a href=\"https:\/\/i0.wp.com\/www.asso-audrey.org\/wp-content\/uploads\/2020\/03\/Objectifs-M%C3%A9ningites-2.png?ssl=1\"><img data-recalc-dims=\"1\" loading=\"lazy\" decoding=\"async\" width=\"648\" height=\"458\" src=\"https:\/\/i0.wp.com\/www.asso-audrey.org\/wp-content\/uploads\/2020\/03\/Objectifs-M%C3%A9ningites-2.png?resize=648%2C458&#038;ssl=1\" alt=\"\" class=\"wp-image-808\" srcset=\"https:\/\/i0.wp.com\/www.asso-audrey.org\/wp-content\/uploads\/2020\/03\/Objectifs-M%C3%A9ningites-2.png?w=2924&amp;ssl=1 2924w, https:\/\/i0.wp.com\/www.asso-audrey.org\/wp-content\/uploads\/2020\/03\/Objectifs-M%C3%A9ningites-2.png?resize=300%2C212&amp;ssl=1 300w, https:\/\/i0.wp.com\/www.asso-audrey.org\/wp-content\/uploads\/2020\/03\/Objectifs-M%C3%A9ningites-2.png?resize=1024%2C724&amp;ssl=1 1024w, https:\/\/i0.wp.com\/www.asso-audrey.org\/wp-content\/uploads\/2020\/03\/Objectifs-M%C3%A9ningites-2.png?resize=768%2C543&amp;ssl=1 768w, https:\/\/i0.wp.com\/www.asso-audrey.org\/wp-content\/uploads\/2020\/03\/Objectifs-M%C3%A9ningites-2.png?resize=1536%2C1085&amp;ssl=1 1536w, https:\/\/i0.wp.com\/www.asso-audrey.org\/wp-content\/uploads\/2020\/03\/Objectifs-M%C3%A9ningites-2.png?resize=2048%2C1447&amp;ssl=1 2048w, https:\/\/i0.wp.com\/www.asso-audrey.org\/wp-content\/uploads\/2020\/03\/Objectifs-M%C3%A9ningites-2.png?w=1296&amp;ssl=1 1296w, https:\/\/i0.wp.com\/www.asso-audrey.org\/wp-content\/uploads\/2020\/03\/Objectifs-M%C3%A9ningites-2.png?w=1944&amp;ssl=1 1944w\" sizes=\"auto, (max-width: 648px) 100vw, 648px\" \/><\/a><\/figure><\/div>\n","protected":false},"excerpt":{"rendered":"<p>El objetivo de la creaci\u00f3n de la\u00a0M\u00e9nigite France\u00a0es en primer lugar es de hacer\u00a0perenne el trabajo efectuado por la asociaci\u00f3n\u00a0Audrey y sus varias antenas y tambi\u00e9n de\u00a0ayudar a las familias despu\u00e9s la meningitis (minusval\u00eda). \u00a0 \u00a0 La\u00a0M\u00e9ningite France\u00a0tendr\u00e1 un\u00a0impacto nacional\u00a0pero podr\u00e1 beneficiar de\u00a0subsidios y antenas europeas. La colaboraci\u00f3n entre Francia y \u00c1frica se realizar\u00e1 dentro [&hellip;]<\/p>\n","protected":false},"author":1,"featured_media":0,"parent":0,"menu_order":5,"comment_status":"closed","ping_status":"closed","template":"","meta":{"vkexunit_cta_each_option":"","footnotes":""},"folder":[],"class_list":["post-806","page","type-page","status-publish","hentry"],"jetpack_shortlink":"https:\/\/wp.me\/PbNfD9-d0","jetpack_sharing_enabled":true,"_links":{"self":[{"href":"https:\/\/www.asso-audrey.org\/index.php?rest_route=\/wp\/v2\/pages\/806","targetHints":{"allow":["GET"]}}],"collection":[{"href":"https:\/\/www.asso-audrey.org\/index.php?rest_route=\/wp\/v2\/pages"}],"about":[{"href":"https:\/\/www.asso-audrey.org\/index.php?rest_route=\/wp\/v2\/types\/page"}],"author":[{"embeddable":true,"href":"https:\/\/www.asso-audrey.org\/index.php?rest_route=\/wp\/v2\/users\/1"}],"replies":[{"embeddable":true,"href":"https:\/\/www.asso-audrey.org\/index.php?rest_route=%2Fwp%2Fv2%2Fcomments&post=806"}],"version-history":[{"count":2,"href":"https:\/\/www.asso-audrey.org\/index.php?rest_route=\/wp\/v2\/pages\/806\/revisions"}],"predecessor-version":[{"id":810,"href":"https:\/\/www.asso-audrey.org\/index.php?rest_route=\/wp\/v2\/pages\/806\/revisions\/810"}],"wp:attachment":[{"href":"https:\/\/www.asso-audrey.org\/index.php?rest_route=%2Fwp%2Fv2%2Fmedia&parent=806"}],"wp:term":[{"taxonomy":"folder","embeddable":true,"href":"https:\/\/www.asso-audrey.org\/index.php?rest_route=%2Fwp%2Fv2%2Ffolder&post=806"}],"curies":[{"name":"wp","href":"https:\/\/api.w.org\/{rel}","templated":true}]}}

<p><img data-recalc-dims="1" loading="lazy" decoding="async" class="wp-image-807 alignleft" src="https://i0.wp.com/www.asso-audrey.org/wp-content/uploads/2020/03/meningites-2.png?resize=241%2C133&#038;ssl=1" alt="" width="241" height="133" srcset="https://i0.wp.com/www.asso-audrey.org/wp-content/uploads/2020/03/meningites-2.png?resize=300%2C165&amp;ssl=1 300w, https://i0.wp.com/www.asso-audrey.org/wp-content/uploads/2020/03/meningites-2.png?resize=768%2C421&amp;ssl=1 768w, https://i0.wp.com/www.asso-audrey.org/wp-content/uploads/2020/03/meningites-2.png?resize=750%2C410&amp;ssl=1 750w, https://i0.wp.com/www.asso-audrey.org/wp-content/uploads/2020/03/meningites-2.png?w=933&amp;ssl=1 933w" sizes="auto, (max-width: 241px) 100vw, 241px" />El objetivo de la creación de la Ménigite France es en primer lugar es de hacer <b>perenne el trabajo efectuado por la asociación</b> Audrey y sus varias antenas y también de <b>ayudar a las familias después la meningitis (minusvalía).</b></p>
<p> </p>
<p> </p>

<div class="isoBlockPosition-none isoFloatClear-none fontFamilyStandardText fontSizeNormal fontColorStandardText ">
<p align="left">La Méningite France tendrá un <b>impacto nacional</b> pero podrá beneficiar de <b>subsidios y antenas europeas.</b></p>
</div>
<div class="isoBlockPosition-none isoFloatClear-none fontFamilyStandardText fontSizeNormal fontColorStandardText ">
<p align="left">La colaboración entre Francia y África se realizará dentro de escuelas gracias a la prevención, formaciones e intercambios…</p>
</div>
<div class="isoBlockPosition-none isoFloatClear-none fontFamilyStandardText fontSizeNormal fontColorStandardText ">
<p align="left">La Méningite France hará falta un <b>aspecto medical</b>, patrocinado por un comité científico que le permitirá proponer varios cuidados a las familias (Ej.: prótesis en caso de amputación…).</p>
</div>
<div class="isoBlockPosition-none isoFloatClear-none fontFamilyStandardText fontSizeNormal fontColorStandardText ">
<p align="left">La Méningite Francenecesitará <b>empleados</b> y sus miembros tendrán que ser personas de las antenas de la Asociación Audrey.</p>
</div>
<div class="isoBlockPosition-none isoFloatClear-none fontFamilyStandardText fontSizeNormal fontColorStandardText ">
<p align="left">Sus <b>recursos</b> podrán proceder de: <b>subsidios, manifestaciones, espectáculos, donaciones, cotizaciones, …</b></p>
</div>
<div class="isoBlockPosition-none isoFloatClear-none fontFamilyStandardText fontSizeNormal fontColorStandardText ">
<p align="left">Ya hemos pensado diferentes aspectos de la fundación pero quedamos abiertos a toda evolución posible para adaptarnos a las condiciones que encontraríamos.</p>
</div>
<div class="isoBlockPosition-none isoFloatClear-none fontFamilyStandardText fontSizeNormal fontColorStandardText ">
<p align="left">Que cualquier sugestión que permitiría evolucionar o mejorar las condiciones, sea la bienvenida. </p>
</div>


<div class="wp-block-image"><figure class="aligncenter size-full"><a href="https://i0.wp.com/www.asso-audrey.org/wp-content/uploads/2020/03/Objectifs-M%C3%A9ningites-2.png?ssl=1"><img data-recalc-dims="1" loading="lazy" decoding="async" width="648" height="458" src="https://i0.wp.com/www.asso-audrey.org/wp-content/uploads/2020/03/Objectifs-M%C3%A9ningites-2.png?resize=648%2C458&#038;ssl=1" alt="" class="wp-image-808" srcset="https://i0.wp.com/www.asso-audrey.org/wp-content/uploads/2020/03/Objectifs-M%C3%A9ningites-2.png?w=2924&amp;ssl=1 2924w, https://i0.wp.com/www.asso-audrey.org/wp-content/uploads/2020/03/Objectifs-M%C3%A9ningites-2.png?resize=300%2C212&amp;ssl=1 300w, https://i0.wp.com/www.asso-audrey.org/wp-content/uploads/2020/03/Objectifs-M%C3%A9ningites-2.png?resize=1024%2C724&amp;ssl=1 1024w, https://i0.wp.com/www.asso-audrey.org/wp-content/uploads/2020/03/Objectifs-M%C3%A9ningites-2.png?resize=768%2C543&amp;ssl=1 768w, https://i0.wp.com/www.asso-audrey.org/wp-content/uploads/2020/03/Objectifs-M%C3%A9ningites-2.png?resize=1536%2C1085&amp;ssl=1 1536w, https://i0.wp.com/www.asso-audrey.org/wp-content/uploads/2020/03/Objectifs-M%C3%A9ningites-2.png?resize=2048%2C1447&amp;ssl=1 2048w, https://i0.wp.com/www.asso-audrey.org/wp-content/uploads/2020/03/Objectifs-M%C3%A9ningites-2.png?w=1296&amp;ssl=1 1296w, https://i0.wp.com/www.asso-audrey.org/wp-content/uploads/2020/03/Objectifs-M%C3%A9ningites-2.png?w=1944&amp;ssl=1 1944w" sizes="auto, (max-width: 648px) 100vw, 648px" /></a></figure></div>

<p>El objetivo de la creación de la Ménigite France es en primer lugar es de hacer perenne el trabajo efectuado por la asociación Audrey y sus varias antenas y también de ayudar a las familias después la meningitis (minusvalía).     La Méningite France tendrá un impacto nacional pero podrá beneficiar de subsidios y antenas europeas. La colaboración entre Francia y África se realizará dentro [&hellip;]</p>
