{"id":374,"date":"2020-03-15T00:26:57","date_gmt":"2020-03-14T23:26:57","guid":{"rendered":"http:\/\/www.asso-audrey.org\/?page_id=374"},"modified":"2020-03-22T18:57:15","modified_gmt":"2020-03-22T17:57:15","slug":"contactez-nous","status":"publish","type":"page","link":"https:\/\/www.asso-audrey.org\/?page_id=374","title":{"rendered":"Contactez-nous"},"content":{"rendered":"\n<h2 class=\"is-style-vk-heading-background_fill_lightgray wp-block-heading\">Contactez-nous<\/h2>\n\n\n<h2 class=\"fontSizeBig\"><br \/>Nos coordonn\u00e9es:<\/h2>\n<p>Vous pouvez nous joindre :<br \/><br \/><\/p>\n<p><img data-recalc-dims=\"1\" loading=\"lazy\" decoding=\"async\" class=\"size-medium wp-image-58 alignleft\" src=\"https:\/\/i0.wp.com\/www.asso-audrey.org\/wp-content\/uploads\/2020\/03\/meningites.png?resize=300%2C165&#038;ssl=1\" alt=\"\" width=\"300\" height=\"165\" srcset=\"https:\/\/i0.wp.com\/www.asso-audrey.org\/wp-content\/uploads\/2020\/03\/meningites.png?resize=300%2C165&amp;ssl=1 300w, https:\/\/i0.wp.com\/www.asso-audrey.org\/wp-content\/uploads\/2020\/03\/meningites.png?resize=768%2C421&amp;ssl=1 768w, https:\/\/i0.wp.com\/www.asso-audrey.org\/wp-content\/uploads\/2020\/03\/meningites.png?w=933&amp;ssl=1 933w\" sizes=\"auto, (max-width: 300px) 100vw, 300px\" \/>Association Audrey<br \/>31, Mail des Quatre Vents<br \/>49000 ECOUFLANT<\/p>\n<p>T\u00e9l: 02 41 37 82 46<\/p>\n<p>Mail : ass.audrey@wanadoo.fr<br \/><br \/><\/p>\n<p>\u00a0<\/p>\n\n\n<h2 class=\"wp-block-heading\"> Autres antennes :<br><br><\/h2>\n\n\n<p><img data-recalc-dims=\"1\" loading=\"lazy\" decoding=\"async\" class=\"size-full wp-image-64 alignleft\" src=\"https:\/\/i0.wp.com\/www.asso-audrey.org\/wp-content\/uploads\/2020\/03\/audrey_1.jpg?resize=150%2C224&#038;ssl=1\" alt=\"\" width=\"150\" height=\"224\" \/><\/p>\n<p>\u00a0<\/p>\n<p>L&rsquo;association Audrey s&rsquo;est implant\u00e9e dans d&rsquo;autres r\u00e9gions afin de r\u00e9aliser ses missions le mieux possible dans la France enti\u00e8re :<\/p>\n<p><br \/><br \/><br \/><br \/><br \/><br \/><br \/><\/p>\n\n\n<div class=\"wp-block-media-text alignwide\" style=\"grid-template-columns:15% auto\"><figure class=\"wp-block-media-text__media\"><img data-recalc-dims=\"1\" loading=\"lazy\" decoding=\"async\" width=\"100\" height=\"144\" src=\"https:\/\/i0.wp.com\/www.asso-audrey.org\/wp-content\/uploads\/2020\/03\/42-emeric_1.jpg?resize=100%2C144&#038;ssl=1\" alt=\"\" class=\"wp-image-379\"\/><\/figure><div class=\"wp-block-media-text__content\">\n<p><strong> LOIRE<\/strong><\/p>\n\n\n\n<p> <strong>Association Audrey 42 Emeric<\/strong> <\/p>\n\n\n\n<p>Famille Philippe AROD<br>27, rue de la Renaudi\u00e8re<br>42400 SAINT CHAMOND<br>T\u00e9l : 04 77 29 10 75&nbsp;&nbsp; ou&nbsp;&nbsp;&nbsp;06 98 00 47 78<br>Mail :&nbsp;assoaudrey42emeric@neuf.fr<br><br><\/p>\n<\/div><\/div>\n","protected":false},"excerpt":{"rendered":"<p>Contactez-nous Nos coordonn\u00e9es: Vous pouvez nous joindre : Association Audrey31, Mail des Quatre Vents49000 ECOUFLANT T\u00e9l: 02 41 37 82 46 Mail : ass.audrey@wanadoo.fr \u00a0 Autres antennes : \u00a0 L&rsquo;association Audrey s&rsquo;est implant\u00e9e dans d&rsquo;autres r\u00e9gions afin de r\u00e9aliser ses missions le mieux possible dans la France enti\u00e8re : LOIRE Association Audrey 42 Emeric Famille [&hellip;]<\/p>\n","protected":false},"author":1,"featured_media":0,"parent":0,"menu_order":11,"comment_status":"closed","ping_status":"closed","template":"","meta":{"vkexunit_cta_each_option":"","footnotes":""},"folder":[],"class_list":["post-374","page","type-page","status-publish","hentry"],"jetpack_shortlink":"https:\/\/wp.me\/PbNfD9-62","jetpack_sharing_enabled":true,"_links":{"self":[{"href":"https:\/\/www.asso-audrey.org\/index.php?rest_route=\/wp\/v2\/pages\/374","targetHints":{"allow":["GET"]}}],"collection":[{"href":"https:\/\/www.asso-audrey.org\/index.php?rest_route=\/wp\/v2\/pages"}],"about":[{"href":"https:\/\/www.asso-audrey.org\/index.php?rest_route=\/wp\/v2\/types\/page"}],"author":[{"embeddable":true,"href":"https:\/\/www.asso-audrey.org\/index.php?rest_route=\/wp\/v2\/users\/1"}],"replies":[{"embeddable":true,"href":"https:\/\/www.asso-audrey.org\/index.php?rest_route=%2Fwp%2Fv2%2Fcomments&post=374"}],"version-history":[{"count":21,"href":"https:\/\/www.asso-audrey.org\/index.php?rest_route=\/wp\/v2\/pages\/374\/revisions"}],"predecessor-version":[{"id":1229,"href":"https:\/\/www.asso-audrey.org\/index.php?rest_route=\/wp\/v2\/pages\/374\/revisions\/1229"}],"wp:attachment":[{"href":"https:\/\/www.asso-audrey.org\/index.php?rest_route=%2Fwp%2Fv2%2Fmedia&parent=374"}],"wp:term":[{"taxonomy":"folder","embeddable":true,"href":"https:\/\/www.asso-audrey.org\/index.php?rest_route=%2Fwp%2Fv2%2Ffolder&post=374"}],"curies":[{"name":"wp","href":"https:\/\/api.w.org\/{rel}","templated":true}]}}