{"id":266,"date":"2020-03-14T18:43:52","date_gmt":"2020-03-14T17:43:52","guid":{"rendered":"http:\/\/www.asso-audrey.org\/?page_id=266"},"modified":"2020-03-16T16:04:40","modified_gmt":"2020-03-16T15:04:40","slug":"meningites-france","status":"publish","type":"page","link":"https:\/\/www.asso-audrey.org\/?page_id=266","title":{"rendered":"M\u00e9ningites France"},"content":{"rendered":"\n<h2 class=\"is-style-vk-heading-background_fill_lightgray wp-block-heading\">M\u00e9ningites France<\/h2>\n\n\n<p><img data-recalc-dims=\"1\" loading=\"lazy\" decoding=\"async\" class=\"size-medium wp-image-58 alignleft\" src=\"https:\/\/i0.wp.com\/www.asso-audrey.org\/wp-content\/uploads\/2020\/03\/meningites.png?resize=300%2C165&#038;ssl=1\" alt=\"\" width=\"300\" height=\"165\" srcset=\"https:\/\/i0.wp.com\/www.asso-audrey.org\/wp-content\/uploads\/2020\/03\/meningites.png?resize=300%2C165&amp;ssl=1 300w, https:\/\/i0.wp.com\/www.asso-audrey.org\/wp-content\/uploads\/2020\/03\/meningites.png?resize=768%2C421&amp;ssl=1 768w, https:\/\/i0.wp.com\/www.asso-audrey.org\/wp-content\/uploads\/2020\/03\/meningites.png?w=933&amp;ssl=1 933w\" sizes=\"auto, (max-width: 300px) 100vw, 300px\" \/><\/p>\n<p>\u00a0<\/p>\n<p>L&rsquo;objectif de la r\u00e9alisation de la\u00a0<b>M\u00e9nigite France<\/b>\u00a0est dans un premier temps pouvoir\u00a0<b>p\u00e9renniser le travail acquis par l&rsquo;association<\/b>\u00a0Audrey et ses diverses antennes et\u00a0<b>aider les familles sur l&rsquo;apr\u00e8s-m\u00e9ningite (l&rsquo;handicap).<\/b><\/p>\n<p>\u00a0<\/p>\n<p>\u00a0<\/p>\n<div class=\"isoBlockPosition-none isoFloatClear-none fontFamilyStandardText fontSizeNormal fontColorStandardText \">\n<p align=\"left\">La\u00a0M\u00e9ningite France\u00a0aura un\u00a0<b>impact national<\/b>\u00a0mais pourra b\u00e9n\u00e9ficier\u00a0<b>d&rsquo;aides et d&rsquo;extension europ\u00e9ennes<\/b>.<\/p>\n<\/div>\n<div class=\"isoBlockPosition-none isoFloatClear-none fontFamilyStandardText fontSizeNormal fontColorStandardText \">\n<p align=\"left\">Le partenariat entre la France et l&rsquo;Afrique se fera dans le cadre des \u00e9coles pour une formation, de la pr\u00e9vention et des \u00e9changes&#8230;<\/p>\n<\/div>\n<div class=\"isoBlockPosition-none isoFloatClear-none fontFamilyStandardText fontSizeNormal fontColorStandardText \">\n<p align=\"left\">M\u00e9ningite France doit avoir un <b>aspect m\u00e9dical<\/b>, \u00eatre encadr\u00e9 par un comit\u00e9 scientifique qui permettra de proposer aux familles diff\u00e9rents soins (ex : proth\u00e8ses en cas d&rsquo;amputation, &#8230;)<\/p>\n<\/div>\n<div class=\"isoBlockPosition-none isoFloatClear-none fontFamilyStandardText fontSizeNormal fontColorStandardText \">\n<p align=\"left\">M\u00e9ningite France devra avoir des <b>salari\u00e9s\u00a0<\/b>et ses membres devront \u00eatre des personnes des antennes de l&rsquo;Association Audrey.<\/p>\n<\/div>\n<div class=\"isoBlockPosition-none isoFloatClear-none fontFamilyStandardText fontSizeNormal fontColorStandardText \">\n<p align=\"left\">Les\u00a0<b>ressources<\/b>\u00a0de la fondation pourront \u00eatre diverses :\u00a0<b>subventions, manifestations, spectacles, dons, cotisations, &#8230;<\/b><\/p>\n<\/div>\n<div class=\"isoBlockPosition-none isoFloatClear-none fontFamilyStandardText fontSizeNormal fontColorStandardText \">\n<p align=\"left\">Nous avons \u00e9voqu\u00e9 les grandes lignes mais restons ouvert \u00e0 toutes \u00e9volutions possibles pour s&rsquo;adapter aux conditions que nous pourrons rencontrer.<\/p>\n<\/div>\n<div class=\"isoBlockPosition-none isoFloatClear-none fontFamilyStandardText fontSizeNormal fontColorStandardText \">\n<p align=\"left\">Toutes suggestions permettant d&rsquo;\u00e9voluer ou d&rsquo;am\u00e9liorer les conditions ne peuvent \u00eatre que bien appr\u00e9ci\u00e9es.<\/p>\n<\/div>\n\n\n<div class=\"wp-block-image is-style-vk-image-border\"><figure class=\"aligncenter size-full\"><a href=\"https:\/\/i0.wp.com\/www.asso-audrey.org\/wp-content\/uploads\/2020\/03\/Objectifs-M%C3%A9ningites.png?ssl=1\"><img data-recalc-dims=\"1\" loading=\"lazy\" decoding=\"async\" width=\"648\" height=\"458\" src=\"https:\/\/i0.wp.com\/www.asso-audrey.org\/wp-content\/uploads\/2020\/03\/Objectifs-M%C3%A9ningites.png?resize=648%2C458&#038;ssl=1\" alt=\"\" class=\"wp-image-267\" srcset=\"https:\/\/i0.wp.com\/www.asso-audrey.org\/wp-content\/uploads\/2020\/03\/Objectifs-M%C3%A9ningites.png?w=2924&amp;ssl=1 2924w, https:\/\/i0.wp.com\/www.asso-audrey.org\/wp-content\/uploads\/2020\/03\/Objectifs-M%C3%A9ningites.png?resize=300%2C212&amp;ssl=1 300w, https:\/\/i0.wp.com\/www.asso-audrey.org\/wp-content\/uploads\/2020\/03\/Objectifs-M%C3%A9ningites.png?resize=1024%2C724&amp;ssl=1 1024w, https:\/\/i0.wp.com\/www.asso-audrey.org\/wp-content\/uploads\/2020\/03\/Objectifs-M%C3%A9ningites.png?resize=768%2C543&amp;ssl=1 768w, https:\/\/i0.wp.com\/www.asso-audrey.org\/wp-content\/uploads\/2020\/03\/Objectifs-M%C3%A9ningites.png?resize=1536%2C1085&amp;ssl=1 1536w, https:\/\/i0.wp.com\/www.asso-audrey.org\/wp-content\/uploads\/2020\/03\/Objectifs-M%C3%A9ningites.png?resize=2048%2C1447&amp;ssl=1 2048w, https:\/\/i0.wp.com\/www.asso-audrey.org\/wp-content\/uploads\/2020\/03\/Objectifs-M%C3%A9ningites.png?w=1296&amp;ssl=1 1296w, https:\/\/i0.wp.com\/www.asso-audrey.org\/wp-content\/uploads\/2020\/03\/Objectifs-M%C3%A9ningites.png?w=1944&amp;ssl=1 1944w\" sizes=\"auto, (max-width: 648px) 100vw, 648px\" \/><\/a><\/figure><\/div>\n","protected":false},"excerpt":{"rendered":"<p>M\u00e9ningites France \u00a0 L&rsquo;objectif de la r\u00e9alisation de la\u00a0M\u00e9nigite France\u00a0est dans un premier temps pouvoir\u00a0p\u00e9renniser le travail acquis par l&rsquo;association\u00a0Audrey et ses diverses antennes et\u00a0aider les familles sur l&rsquo;apr\u00e8s-m\u00e9ningite (l&rsquo;handicap). \u00a0 \u00a0 La\u00a0M\u00e9ningite France\u00a0aura un\u00a0impact national\u00a0mais pourra b\u00e9n\u00e9ficier\u00a0d&rsquo;aides et d&rsquo;extension europ\u00e9ennes. Le partenariat entre la France et l&rsquo;Afrique se fera dans le cadre des \u00e9coles [&hellip;]<\/p>\n","protected":false},"author":1,"featured_media":0,"parent":0,"menu_order":5,"comment_status":"closed","ping_status":"closed","template":"","meta":{"vkexunit_cta_each_option":"","footnotes":""},"folder":[],"class_list":["post-266","page","type-page","status-publish","hentry"],"jetpack_shortlink":"https:\/\/wp.me\/PbNfD9-4i","jetpack_sharing_enabled":true,"_links":{"self":[{"href":"https:\/\/www.asso-audrey.org\/index.php?rest_route=\/wp\/v2\/pages\/266","targetHints":{"allow":["GET"]}}],"collection":[{"href":"https:\/\/www.asso-audrey.org\/index.php?rest_route=\/wp\/v2\/pages"}],"about":[{"href":"https:\/\/www.asso-audrey.org\/index.php?rest_route=\/wp\/v2\/types\/page"}],"author":[{"embeddable":true,"href":"https:\/\/www.asso-audrey.org\/index.php?rest_route=\/wp\/v2\/users\/1"}],"replies":[{"embeddable":true,"href":"https:\/\/www.asso-audrey.org\/index.php?rest_route=%2Fwp%2Fv2%2Fcomments&post=266"}],"version-history":[{"count":3,"href":"https:\/\/www.asso-audrey.org\/index.php?rest_route=\/wp\/v2\/pages\/266\/revisions"}],"predecessor-version":[{"id":500,"href":"https:\/\/www.asso-audrey.org\/index.php?rest_route=\/wp\/v2\/pages\/266\/revisions\/500"}],"wp:attachment":[{"href":"https:\/\/www.asso-audrey.org\/index.php?rest_route=%2Fwp%2Fv2%2Fmedia&parent=266"}],"wp:term":[{"taxonomy":"folder","embeddable":true,"href":"https:\/\/www.asso-audrey.org\/index.php?rest_route=%2Fwp%2Fv2%2Ffolder&post=266"}],"curies":[{"name":"wp","href":"https:\/\/api.w.org\/{rel}","templated":true}]}}

Méningites France

<h2 class="is-style-vk-heading-background_fill_lightgray wp-block-heading">Méningites France</h2>


<p><img data-recalc-dims="1" loading="lazy" decoding="async" class="size-medium wp-image-58 alignleft" src="https://i0.wp.com/www.asso-audrey.org/wp-content/uploads/2020/03/meningites.png?resize=300%2C165&#038;ssl=1" alt="" width="300" height="165" srcset="https://i0.wp.com/www.asso-audrey.org/wp-content/uploads/2020/03/meningites.png?resize=300%2C165&amp;ssl=1 300w, https://i0.wp.com/www.asso-audrey.org/wp-content/uploads/2020/03/meningites.png?resize=768%2C421&amp;ssl=1 768w, https://i0.wp.com/www.asso-audrey.org/wp-content/uploads/2020/03/meningites.png?w=933&amp;ssl=1 933w" sizes="auto, (max-width: 300px) 100vw, 300px" /></p>
<p> </p>
<p>L&rsquo;objectif de la réalisation de la <b>Ménigite France</b> est dans un premier temps pouvoir <b>pérenniser le travail acquis par l&rsquo;association</b> Audrey et ses diverses antennes et <b>aider les familles sur l&rsquo;après-méningite (l&rsquo;handicap).</b></p>
<p> </p>
<p> </p>
<div class="isoBlockPosition-none isoFloatClear-none fontFamilyStandardText fontSizeNormal fontColorStandardText ">
<p align="left">La Méningite France aura un <b>impact national</b> mais pourra bénéficier <b>d&rsquo;aides et d&rsquo;extension européennes</b>.</p>
</div>
<div class="isoBlockPosition-none isoFloatClear-none fontFamilyStandardText fontSizeNormal fontColorStandardText ">
<p align="left">Le partenariat entre la France et l&rsquo;Afrique se fera dans le cadre des écoles pour une formation, de la prévention et des échanges&#8230;</p>
</div>
<div class="isoBlockPosition-none isoFloatClear-none fontFamilyStandardText fontSizeNormal fontColorStandardText ">
<p align="left">Méningite France doit avoir un <b>aspect médical</b>, être encadré par un comité scientifique qui permettra de proposer aux familles différents soins (ex : prothèses en cas d&rsquo;amputation, &#8230;)</p>
</div>
<div class="isoBlockPosition-none isoFloatClear-none fontFamilyStandardText fontSizeNormal fontColorStandardText ">
<p align="left">Méningite France devra avoir des <b>salariés </b>et ses membres devront être des personnes des antennes de l&rsquo;Association Audrey.</p>
</div>
<div class="isoBlockPosition-none isoFloatClear-none fontFamilyStandardText fontSizeNormal fontColorStandardText ">
<p align="left">Les <b>ressources</b> de la fondation pourront être diverses : <b>subventions, manifestations, spectacles, dons, cotisations, &#8230;</b></p>
</div>
<div class="isoBlockPosition-none isoFloatClear-none fontFamilyStandardText fontSizeNormal fontColorStandardText ">
<p align="left">Nous avons évoqué les grandes lignes mais restons ouvert à toutes évolutions possibles pour s&rsquo;adapter aux conditions que nous pourrons rencontrer.</p>
</div>
<div class="isoBlockPosition-none isoFloatClear-none fontFamilyStandardText fontSizeNormal fontColorStandardText ">
<p align="left">Toutes suggestions permettant d&rsquo;évoluer ou d&rsquo;améliorer les conditions ne peuvent être que bien appréciées.</p>
</div>


<div class="wp-block-image is-style-vk-image-border"><figure class="aligncenter size-full"><a href="https://i0.wp.com/www.asso-audrey.org/wp-content/uploads/2020/03/Objectifs-M%C3%A9ningites.png?ssl=1"><img data-recalc-dims="1" loading="lazy" decoding="async" width="648" height="458" src="https://i0.wp.com/www.asso-audrey.org/wp-content/uploads/2020/03/Objectifs-M%C3%A9ningites.png?resize=648%2C458&#038;ssl=1" alt="" class="wp-image-267" srcset="https://i0.wp.com/www.asso-audrey.org/wp-content/uploads/2020/03/Objectifs-M%C3%A9ningites.png?w=2924&amp;ssl=1 2924w, https://i0.wp.com/www.asso-audrey.org/wp-content/uploads/2020/03/Objectifs-M%C3%A9ningites.png?resize=300%2C212&amp;ssl=1 300w, https://i0.wp.com/www.asso-audrey.org/wp-content/uploads/2020/03/Objectifs-M%C3%A9ningites.png?resize=1024%2C724&amp;ssl=1 1024w, https://i0.wp.com/www.asso-audrey.org/wp-content/uploads/2020/03/Objectifs-M%C3%A9ningites.png?resize=768%2C543&amp;ssl=1 768w, https://i0.wp.com/www.asso-audrey.org/wp-content/uploads/2020/03/Objectifs-M%C3%A9ningites.png?resize=1536%2C1085&amp;ssl=1 1536w, https://i0.wp.com/www.asso-audrey.org/wp-content/uploads/2020/03/Objectifs-M%C3%A9ningites.png?resize=2048%2C1447&amp;ssl=1 2048w, https://i0.wp.com/www.asso-audrey.org/wp-content/uploads/2020/03/Objectifs-M%C3%A9ningites.png?w=1296&amp;ssl=1 1296w, https://i0.wp.com/www.asso-audrey.org/wp-content/uploads/2020/03/Objectifs-M%C3%A9ningites.png?w=1944&amp;ssl=1 1944w" sizes="auto, (max-width: 648px) 100vw, 648px" /></a></figure></div>

<p>Méningites France   L&rsquo;objectif de la réalisation de la Ménigite France est dans un premier temps pouvoir pérenniser le travail acquis par l&rsquo;association Audrey et ses diverses antennes et aider les familles sur l&rsquo;après-méningite (l&rsquo;handicap).     La Méningite France aura un impact national mais pourra bénéficier d&rsquo;aides et d&rsquo;extension européennes. Le partenariat entre la France et l&rsquo;Afrique se fera dans le cadre des écoles [&hellip;]</p>
