{"id":257,"date":"2020-03-14T18:12:14","date_gmt":"2020-03-14T17:12:14","guid":{"rendered":"http:\/\/www.asso-audrey.org\/?page_id=257"},"modified":"2024-06-12T21:18:32","modified_gmt":"2024-06-12T19:18:32","slug":"vivre-avec-un-handicap","status":"publish","type":"page","link":"https:\/\/www.asso-audrey.org\/?page_id=257","title":{"rendered":"Vivre avec un handicap"},"content":{"rendered":"\n<h2 class=\"wp-block-heading is-style-vk-heading-background_fill_lightgray\"><\/h2>\n\n\n\n<div class=\"wp-block-group\"><div class=\"wp-block-group__inner-container is-layout-flow wp-block-group-is-layout-flow\">\n<p><img data-recalc-dims=\"1\" loading=\"lazy\" decoding=\"async\" class=\"size-medium wp-image-56 alignleft\" src=\"https:\/\/i0.wp.com\/www.asso-audrey.org\/wp-content\/uploads\/2020\/03\/purpurameningo2.jpg?resize=300%2C225&#038;ssl=1\" alt=\"\" width=\"300\" height=\"225\" srcset=\"https:\/\/i0.wp.com\/www.asso-audrey.org\/wp-content\/uploads\/2020\/03\/purpurameningo2.jpg?resize=300%2C225&amp;ssl=1 300w, https:\/\/i0.wp.com\/www.asso-audrey.org\/wp-content\/uploads\/2020\/03\/purpurameningo2.jpg?resize=1024%2C768&amp;ssl=1 1024w, https:\/\/i0.wp.com\/www.asso-audrey.org\/wp-content\/uploads\/2020\/03\/purpurameningo2.jpg?resize=768%2C576&amp;ssl=1 768w, https:\/\/i0.wp.com\/www.asso-audrey.org\/wp-content\/uploads\/2020\/03\/purpurameningo2.jpg?resize=1536%2C1152&amp;ssl=1 1536w, https:\/\/i0.wp.com\/www.asso-audrey.org\/wp-content\/uploads\/2020\/03\/purpurameningo2.jpg?w=1600&amp;ssl=1 1600w, https:\/\/i0.wp.com\/www.asso-audrey.org\/wp-content\/uploads\/2020\/03\/purpurameningo2.jpg?w=1296&amp;ssl=1 1296w\" sizes=\"auto, (max-width: 300px) 100vw, 300px\" \/>Concernant un \u00e9ventuel handicap il vaut mieux attendre six \u00e0 douze mois pour d\u00e9terminer les s\u00e9quelles qui vont rester.<\/p>\n<p>Les m\u00e9ningites sont des maladies sournoises. Le sympt\u00f4me du purpura ne se manifeste pas tout le temps. Quand il fait parti des sympt\u00f4mes, le temps est compt\u00e9 et les cons\u00e9quences peuvent \u00eatre graves.<\/p>\n<p>\u00a0<\/p>\n<p>\u00a0<\/p>\n<p><img data-recalc-dims=\"1\" loading=\"lazy\" decoding=\"async\" class=\"size-medium wp-image-224 alignleft\" src=\"https:\/\/i0.wp.com\/www.asso-audrey.org\/wp-content\/uploads\/2020\/03\/jambe-1.jpg?resize=197%2C300&#038;ssl=1\" alt=\"\" width=\"197\" height=\"300\" srcset=\"https:\/\/i0.wp.com\/www.asso-audrey.org\/wp-content\/uploads\/2020\/03\/jambe-1.jpg?resize=197%2C300&amp;ssl=1 197w, https:\/\/i0.wp.com\/www.asso-audrey.org\/wp-content\/uploads\/2020\/03\/jambe-1.jpg?w=588&amp;ssl=1 588w\" sizes=\"auto, (max-width: 197px) 100vw, 197px\" \/><\/p>\n<p>\u00a0<\/p>\n<p>\u00a0<\/p>\n<p>Les cons\u00e9quences de la maladie peuvent entra\u00eener un handicap. Les s\u00e9quelles peuvent \u00eatre des maux de t\u00eate, une mauvaise audition, perte de vitalit\u00e9, manque d&rsquo;endurance. La personne est beaucoup plus fragile et peut devenir \u00e9pileptique.<\/p>\n<p>\u00a0<\/p>\n<p>\u00a0<\/p>\n<p>\u00a0<\/p>\n<p>\u00a0<\/p>\n<p><img data-recalc-dims=\"1\" loading=\"lazy\" decoding=\"async\" class=\"size-medium wp-image-178 alignright\" src=\"https:\/\/i0.wp.com\/www.asso-audrey.org\/wp-content\/uploads\/2020\/03\/main.jpg?resize=300%2C253&#038;ssl=1\" alt=\"\" width=\"300\" height=\"253\" srcset=\"https:\/\/i0.wp.com\/www.asso-audrey.org\/wp-content\/uploads\/2020\/03\/main.jpg?resize=300%2C253&amp;ssl=1 300w, https:\/\/i0.wp.com\/www.asso-audrey.org\/wp-content\/uploads\/2020\/03\/main.jpg?w=393&amp;ssl=1 393w\" sizes=\"auto, (max-width: 300px) 100vw, 300px\" \/><\/p>\n<p>\u00a0<\/p>\n<p>Le purpura laisse des marques comme des br\u00fblures au troisi\u00e8me degr\u00e9, des n\u00e9croses. Si la maladie est trop avanc\u00e9e, l&rsquo;amputation est n\u00e9cessaire.<br \/>Le coma est l\u00e0.<\/p>\n<\/div><\/div>\n","protected":false},"excerpt":{"rendered":"<p>Concernant un \u00e9ventuel handicap il vaut mieux attendre six \u00e0 douze mois pour d\u00e9terminer les s\u00e9quelles qui vont rester. Les m\u00e9ningites sont des maladies sournoises. Le sympt\u00f4me du purpura ne se manifeste pas tout le temps. Quand il fait parti des sympt\u00f4mes, le temps est compt\u00e9 et les cons\u00e9quences peuvent \u00eatre graves. \u00a0 \u00a0 \u00a0 [&hellip;]<\/p>\n","protected":false},"author":1,"featured_media":0,"parent":0,"menu_order":4,"comment_status":"closed","ping_status":"closed","template":"","meta":{"vkexunit_cta_each_option":"","footnotes":""},"folder":[],"class_list":["post-257","page","type-page","status-publish","hentry"],"jetpack_shortlink":"https:\/\/wp.me\/PbNfD9-49","jetpack_sharing_enabled":true,"_links":{"self":[{"href":"https:\/\/www.asso-audrey.org\/index.php?rest_route=\/wp\/v2\/pages\/257","targetHints":{"allow":["GET"]}}],"collection":[{"href":"https:\/\/www.asso-audrey.org\/index.php?rest_route=\/wp\/v2\/pages"}],"about":[{"href":"https:\/\/www.asso-audrey.org\/index.php?rest_route=\/wp\/v2\/types\/page"}],"author":[{"embeddable":true,"href":"https:\/\/www.asso-audrey.org\/index.php?rest_route=\/wp\/v2\/users\/1"}],"replies":[{"embeddable":true,"href":"https:\/\/www.asso-audrey.org\/index.php?rest_route=%2Fwp%2Fv2%2Fcomments&post=257"}],"version-history":[{"count":8,"href":"https:\/\/www.asso-audrey.org\/index.php?rest_route=\/wp\/v2\/pages\/257\/revisions"}],"predecessor-version":[{"id":1538,"href":"https:\/\/www.asso-audrey.org\/index.php?rest_route=\/wp\/v2\/pages\/257\/revisions\/1538"}],"wp:attachment":[{"href":"https:\/\/www.asso-audrey.org\/index.php?rest_route=%2Fwp%2Fv2%2Fmedia&parent=257"}],"wp:term":[{"taxonomy":"folder","embeddable":true,"href":"https:\/\/www.asso-audrey.org\/index.php?rest_route=%2Fwp%2Fv2%2Ffolder&post=257"}],"curies":[{"name":"wp","href":"https:\/\/api.w.org\/{rel}","templated":true}]}}