{"id":232,"date":"2020-03-14T18:04:05","date_gmt":"2020-03-14T17:04:05","guid":{"rendered":"http:\/\/www.asso-audrey.org\/?page_id=232"},"modified":"2020-03-14T18:04:29","modified_gmt":"2020-03-14T17:04:29","slug":"symptomes","status":"publish","type":"page","link":"https:\/\/www.asso-audrey.org\/?page_id=232","title":{"rendered":"Sympt\u00f4mes"},"content":{"rendered":"\n<h2 class=\"is-style-vk-heading-background_fill_lightgray wp-block-heading\">Sympt\u00f4mes<\/h2>\n\n\n<p>Les signes d\u2019alarme\u00a0:<\/p>\n<ul class=\"fontFamilyStandardText fontSizeNormal fontColorStandardText \" type=\"disc\">\n<li>Fi\u00e8vre brutale (39\u00b0C- 40\u00b0C)<\/li>\n<li>C\u00e9phal\u00e9es (douleurs locales ressenties au niveau de la bo\u00eete<br \/>cr\u00e2nienne)<\/li>\n<li>Courbatures, raideur de la nuque<\/li>\n<li>Naus\u00e9es, vomissements<\/li>\n<li>Sensibilit\u00e9 anormale \u00e0 la lumi\u00e8re vive<\/li>\n<li>Taches rouges (purpura) sur le corps<\/li>\n<li>Somnolence<\/li>\n<\/ul>\n<p>Chez le\u00a0<b>nourrisson<\/b>, les sympt\u00f4mes sont souvent moins sp\u00e9cifiques\u00a0: rester attentif en cas de\u00a0<b>fi\u00e8vre<\/b>\u00a0associ\u00e9e \u00e0 des\u00a0<b>modifications du comportement<\/b> (pleurs, refus de manger, somnolence, \u2026)<\/p>\n<p><span style=\"font-size: inherit; background-color: initial;\"><img data-recalc-dims=\"1\" loading=\"lazy\" decoding=\"async\" class=\"size-medium wp-image-56 alignleft\" src=\"https:\/\/i0.wp.com\/www.asso-audrey.org\/wp-content\/uploads\/2020\/03\/purpurameningo2.jpg?resize=300%2C225&#038;ssl=1\" alt=\"\" width=\"300\" height=\"225\" srcset=\"https:\/\/i0.wp.com\/www.asso-audrey.org\/wp-content\/uploads\/2020\/03\/purpurameningo2.jpg?resize=300%2C225&amp;ssl=1 300w, https:\/\/i0.wp.com\/www.asso-audrey.org\/wp-content\/uploads\/2020\/03\/purpurameningo2.jpg?resize=1024%2C768&amp;ssl=1 1024w, https:\/\/i0.wp.com\/www.asso-audrey.org\/wp-content\/uploads\/2020\/03\/purpurameningo2.jpg?resize=768%2C576&amp;ssl=1 768w, https:\/\/i0.wp.com\/www.asso-audrey.org\/wp-content\/uploads\/2020\/03\/purpurameningo2.jpg?resize=1536%2C1152&amp;ssl=1 1536w, https:\/\/i0.wp.com\/www.asso-audrey.org\/wp-content\/uploads\/2020\/03\/purpurameningo2.jpg?w=1600&amp;ssl=1 1600w, https:\/\/i0.wp.com\/www.asso-audrey.org\/wp-content\/uploads\/2020\/03\/purpurameningo2.jpg?w=1296&amp;ssl=1 1296w\" sizes=\"auto, (max-width: 300px) 100vw, 300px\" \/>Chez les <\/span><b style=\"font-size: inherit; background-color: initial;\">nouveau-n\u00e9s<\/b><span style=\"font-size: inherit; background-color: initial;\">, la\u00a0<\/span><b style=\"font-size: inherit; background-color: initial;\">nuque<\/b><span style=\"font-size: inherit; background-color: initial;\">\u00a0peut \u00eatre\u00a0<\/span><b style=\"font-size: inherit; background-color: initial;\">molle<\/b><span style=\"font-size: inherit; background-color: initial;\">\u00a0et la\u00a0<\/span><b style=\"font-size: inherit; background-color: initial;\">fontanelle<\/b><span style=\"font-size: inherit; background-color: initial;\">\u00a0(partie molle sur le sommet du cr\u00e2ne)\u00a0<\/span><b style=\"font-size: inherit; background-color: initial;\">bomb\u00e9e<\/b><span style=\"font-size: inherit; background-color: initial;\">.<\/span><\/p>\n<p>Photo du purpura au d\u00e9but de son \u00e9volution qui peut se trouver entre les orteils, derri\u00e8re les oreilles, sur le torse et \u00eatre gros comme une t\u00eate d&rsquo;\u00e9pingle.<\/p>\n<p><br \/><br \/><\/p>\n<p>La m\u00e9ningite se soigne tr\u00e8s bien si elle est d\u00e9cel\u00e9e au d\u00e9but de son \u00e9volution sans avoir de s\u00e9quelles obligatoirement.<br \/>Le plus souvent la maladie ressemble \u00e0 un \u00e9tat grippal \u00e0 ses premi\u00e8res heures avec une sensibilit\u00e9 \u00e0 la lumi\u00e8re.<\/p>","protected":false},"excerpt":{"rendered":"<p>Sympt\u00f4mes Les signes d\u2019alarme\u00a0: Fi\u00e8vre brutale (39\u00b0C- 40\u00b0C) C\u00e9phal\u00e9es (douleurs locales ressenties au niveau de la bo\u00eetecr\u00e2nienne) Courbatures, raideur de la nuque Naus\u00e9es, vomissements Sensibilit\u00e9 anormale \u00e0 la lumi\u00e8re vive Taches rouges (purpura) sur le corps Somnolence Chez le\u00a0nourrisson, les sympt\u00f4mes sont souvent moins sp\u00e9cifiques\u00a0: rester attentif en cas de\u00a0fi\u00e8vre\u00a0associ\u00e9e \u00e0 des\u00a0modifications du comportement (pleurs, [&hellip;]<\/p>\n","protected":false},"author":1,"featured_media":0,"parent":173,"menu_order":5,"comment_status":"closed","ping_status":"closed","template":"","meta":{"vkexunit_cta_each_option":"","footnotes":""},"folder":[],"class_list":["post-232","page","type-page","status-publish","hentry"],"jetpack_shortlink":"https:\/\/wp.me\/PbNfD9-3K","jetpack_sharing_enabled":true,"_links":{"self":[{"href":"https:\/\/www.asso-audrey.org\/index.php?rest_route=\/wp\/v2\/pages\/232","targetHints":{"allow":["GET"]}}],"collection":[{"href":"https:\/\/www.asso-audrey.org\/index.php?rest_route=\/wp\/v2\/pages"}],"about":[{"href":"https:\/\/www.asso-audrey.org\/index.php?rest_route=\/wp\/v2\/types\/page"}],"author":[{"embeddable":true,"href":"https:\/\/www.asso-audrey.org\/index.php?rest_route=\/wp\/v2\/users\/1"}],"replies":[{"embeddable":true,"href":"https:\/\/www.asso-audrey.org\/index.php?rest_route=%2Fwp%2Fv2%2Fcomments&post=232"}],"version-history":[{"count":3,"href":"https:\/\/www.asso-audrey.org\/index.php?rest_route=\/wp\/v2\/pages\/232\/revisions"}],"predecessor-version":[{"id":242,"href":"https:\/\/www.asso-audrey.org\/index.php?rest_route=\/wp\/v2\/pages\/232\/revisions\/242"}],"up":[{"embeddable":true,"href":"https:\/\/www.asso-audrey.org\/index.php?rest_route=\/wp\/v2\/pages\/173"}],"wp:attachment":[{"href":"https:\/\/www.asso-audrey.org\/index.php?rest_route=%2Fwp%2Fv2%2Fmedia&parent=232"}],"wp:term":[{"taxonomy":"folder","embeddable":true,"href":"https:\/\/www.asso-audrey.org\/index.php?rest_route=%2Fwp%2Fv2%2Ffolder&post=232"}],"curies":[{"name":"wp","href":"https:\/\/api.w.org\/{rel}","templated":true}]}}