{"id":134,"date":"2020-03-14T16:24:44","date_gmt":"2020-03-14T15:24:44","guid":{"rendered":"http:\/\/www.asso-audrey.org\/?page_id=134"},"modified":"2020-03-14T16:24:57","modified_gmt":"2020-03-14T15:24:57","slug":"historique","status":"publish","type":"page","link":"https:\/\/www.asso-audrey.org\/?page_id=134","title":{"rendered":"Historique"},"content":{"rendered":"<p><img data-recalc-dims=\"1\" loading=\"lazy\" decoding=\"async\" class=\"size-full wp-image-64 alignleft\" src=\"https:\/\/i0.wp.com\/www.asso-audrey.org\/wp-content\/uploads\/2020\/03\/audrey_1.jpg?resize=150%2C224&#038;ssl=1\" alt=\"\" width=\"150\" height=\"224\" \/>Cette association, n\u00e9e du souhait de soulager les parents par la prise en consid\u00e9ration de leur souffrance, a \u00e9t\u00e9\u00a0<b>cr\u00e9\u00e9e le 21 janvier 2000 \u00e0 Ecouflant<\/b>\u00a0(Maine et Loire)\u00a0par\u00a0<b>Mr et Mme VOISINE<\/b>, parents d&rsquo;Audrey, d\u00e9c\u00e9d\u00e9e brutalement d&rsquo;une m\u00e9ningite \u00e0 l&rsquo;\u00e2ge de 12 ans, et avec le soutien de\u00a0<b>Mme CHOQUET Marie-Christine.<\/b><\/p>\n<p><b><\/b>Audrey est d\u00e9c\u00e9d\u00e9e d\u2019un\u00a0<b>\u00ab\u00a0purpura fulminans\u00a0\u00bb,<\/b>\u00a0soit d\u2019une m\u00e9ningite \u00e0 m\u00e9ningocoque C. Si les connaissances sur cette maladie avaient \u00e9t\u00e9 plus r\u00e9pandues, cette derni\u00e8re aurait eu moins de chance d\u2019arriver \u00e0 son terme.<\/p>\n<p><!--more--><span style=\"font-size: inherit; background-color: initial;\">Mr et Mme Voisine ont eu l\u2019id\u00e9e de cr\u00e9er cette association <\/span><b style=\"font-size: inherit; background-color: initial;\">en m\u00e9moire de tous ceux qui ont \u00e9t\u00e9 victime de cette maladie<\/b><span style=\"font-size: inherit; background-color: initial;\">, et\u00a0<\/span><b style=\"font-size: inherit; background-color: initial;\">soutenir ceux qui le sont actuellement ainsi que leur famille.<\/b><span style=\"font-size: inherit; background-color: initial;\">\u00a0Mais, ils souhaitaient surtout, faire de la\u00a0<\/span><b style=\"font-size: inherit; background-color: initial;\">pr\u00e9vention<\/b><span style=\"font-size: inherit; background-color: initial;\"> aupr\u00e8s des publics, afin de r\u00e9duire les risques de maladie et de cons\u00e9quences graves.<\/span><\/p>\n<div class=\"isoBlockPosition-none isoFloatClear-none fontFamilyStandardText fontSizeNormal fontColorStandardText \">\n<p align=\"left\">L&rsquo;association Audrey est une\u00a0<b>association de parents<\/b>\u00a0dont l&rsquo;objectif est\u00a0<b>d&rsquo;augmenter les connaissances sur les diff\u00e9rents types de m\u00e9ningites<\/b>\u00a0existants, d&rsquo;aider le public \u00e0 mieux comprendre cette maladie et la pr\u00e9venir.<\/p>\n<p>Cette association a acquis une notori\u00e9t\u00e9 r\u00e9gionale et nationale en mars 2002 ce qui lui a permis de mettre en \u0153uvre des actions dans diverses r\u00e9gions de France :<\/p>\n<ul class=\"fontFamilyStandardText fontSizeNormal fontColorStandardText \" type=\"disc\">\n<li>Association Audrey 40 Yohann\u00a0<b>(Landes)<br \/>\n<\/b><\/li>\n<li>Association Audrey 42 Emeric\u00a0<b>(Loire)<br \/>\n<\/b><\/li>\n<li>Association Audrey 76 R\u00e9gis\u00a0<b>(Seine Maritime)<\/b><\/li>\n<li>Association Audrey 35\u00a0<b>(Ille et Vilaine)<\/b><\/li>\n<li>Association Audrey 22\u00a0<b>(C\u00f4tes d\u2019Armor)<\/b><\/li>\n<li>Association Audrey 33\u00a0<b>(Gironde)<\/b><\/li>\n<li>Association Audrey 59 Steven\u00a0<b>(Nord)<\/b><\/li>\n<li>Association Audrey 29 S\u00e9bastien\u00a0<b>(Finist\u00e8re)<\/b><\/li>\n<\/ul>\n<\/div>\n<div class=\"isoBlockPosition-none isoFloatClear-none fontFamilyStandardText fontSizeNormal fontColorStandardText \">\n<p align=\"left\">Depuis l\u2019ouverture de plusieurs antennes, l\u2019association souhaite\u00a0<b>poursuivre son expansion vers d\u2019autres r\u00e9gions<\/b>, ce qui permettra de mieux poursuivre le\u00a0<b>travail de proximit\u00e9 avec les autorit\u00e9s sanitaires<\/b>\u00a0et de\u00a0<b>renforcer l\u2019efficacit\u00e9 locale de l\u2019ensemble des actions men\u00e9es.<\/b><\/p>\n<\/div>\n<div class=\"isoBlockPosition-none isoFloatClear-none fontFamilyStandardText fontSizeNormal fontColorStandardText \">\n<p align=\"left\">Une campagne d&rsquo;affichage a eu lieu dans les \u00e9coles \u00e9l\u00e9mentaires et maternelles, dans les\u00a0cr\u00e8ches et dans les salles d&rsquo;attente des m\u00e9decins g\u00e9n\u00e9ralistes pour favoriser un d\u00e9pistage pr\u00e9coce des m\u00e9ningites en\u00a0<b>Maine et Loire, d\u00e9partement pilote, en septembre 2001<\/b>.<\/p>\n<\/div>\n<div class=\"isoBlockPosition-none isoFloatClear-none fontFamilyStandardText fontSizeNormal fontColorStandardText \">\n<p align=\"left\">En 2002,\u00a0l&rsquo;association Audrey a organis\u00e9 \u00e0 Angers une soir\u00e9e d&rsquo;information sur les m\u00e9ningites, avec le soutien de la D.D.A.S.S, du C.H.U, la Ville d&rsquo;Angers et l&rsquo;Institut\u00a0Pasteur. Cette soir\u00e9e\u00a0a permis de r\u00e9aliser une journ\u00e9e\u00a0sur les m\u00e9ningites \u00e0 Paris dans les salons du Minist\u00e8re de la Sant\u00e9 en novembre 2003.<\/p>\n<\/div>\n<div class=\"isoBlockPosition-none isoFloatClear-none fontFamilyStandardText fontSizeNormal fontColorStandardText \">\n<p align=\"left\">L&rsquo;association, en avril 2003, a \u00e9t\u00e9 invit\u00e9e au Congr\u00e8s m\u00e9dical de l&rsquo;Espid en Europe et a cl\u00f4tur\u00e9 une conf\u00e9rence de presse aux cot\u00e9s de l&rsquo;association anglaise \u00ab\u00a0Meningitis trust\u00a0\u00bb.<\/p>\n<p>Apr\u00e8s la campagne du Maine et Loire en 2001, nous avons renouvel\u00e9 sur le plan national, le 2 f\u00e9vrier 2004, une information sur la m\u00e9ningite \u00e0 m\u00e9ningocoque au sein de l&rsquo;\u00c9ducation Nationale, sous forme d&rsquo;affiches destin\u00e9es de la <span style=\"background-color: initial; font-size: inherit;\">maternelle au lyc\u00e9e, de d\u00e9pliants destin\u00e9s aux m\u00e9decins et infirmi\u00e8res scolaires, soutenue et financ\u00e9e par les Minist\u00e8res de l&rsquo;\u00c9ducation Nationale et de la Sant\u00e9.<\/span><\/p>\n<p>Une information a \u00e9t\u00e9 mise en place avec le Conseil de l&rsquo;Ordre des Pharmaciens sous forme d&rsquo;affichettes et de d\u00e9pliants destin\u00e9s aux pharmacies.<br \/>\n<img data-recalc-dims=\"1\" loading=\"lazy\" decoding=\"async\" class=\" wp-image-92 alignright\" src=\"https:\/\/i0.wp.com\/www.asso-audrey.org\/wp-content\/uploads\/2020\/03\/logo_confederation.jpg?resize=290%2C293&#038;ssl=1\" alt=\"\" width=\"290\" height=\"293\" srcset=\"https:\/\/i0.wp.com\/www.asso-audrey.org\/wp-content\/uploads\/2020\/03\/logo_confederation.jpg?resize=297%2C300&amp;ssl=1 297w, https:\/\/i0.wp.com\/www.asso-audrey.org\/wp-content\/uploads\/2020\/03\/logo_confederation.jpg?w=462&amp;ssl=1 462w\" sizes=\"auto, (max-width: 290px) 100vw, 290px\" \/><\/p>\n<p>Pour l&rsquo;ann\u00e9e 2004, l&rsquo;association a organis\u00e9 trois soir\u00e9es d&rsquo;information sur la m\u00e9ningite. Le 1er octobre \u00e0 Bordeaux par l&rsquo;antenne des Landes, le 14 octobre \u00e0 Paris \u00e0 l&rsquo;auditorium de l&rsquo;Institut Pasteur et le 17 novembre \u00e0 l&rsquo;H\u00f4tel de Ville de Lyon.<\/p>\n<p>L&rsquo;association Audrey travaille avec le Minist\u00e8re charg\u00e9 de la Famille, la Caisse d&rsquo;Allocations Familiales et le service d&rsquo;\u00c9tat Civil d&rsquo;Angers, pour un soutien psychologique et mat\u00e9riel. Depuis le 1er novembre 2000, l&rsquo;\u00c9tat Civil informe la C.A.F pour qu&rsquo;une assistante sociale apporte son aide aux familles.<\/p>\n<p>Nous sommes\u00a0<b>\u00e0 l&rsquo;origine de la prolongation des prestations familiales de trois mois apr\u00e8s le d\u00e9c\u00e8s de l&rsquo;enfant<\/b>, dans la loi du 1er janvier 2004. Ceci nous a valu une\u00a0<b>nomination \u00ab\u00a0Chevalier dans l&rsquo;ordre national du M\u00e9rite\u00a0\u00bb.<\/b><\/p>\n<p>Nous continuons \u00e0 combler le vide juridique concernant les 7 000 d\u00e9c\u00e8s d&rsquo;enfants par chaque ann\u00e9e en France, toutes causes confondues.<\/p>\n<p>Le\u00a0<b>22 juin 2006<\/b>, a \u00e9t\u00e9 adopt\u00e9 au S\u00e9nat, dans le Code du Travail,\u00a0<b>le cong\u00e9 de 4 jours au lieu de 2 pr\u00e9c\u00e9demment suite au d\u00e9c\u00e8s d&rsquo;un enfant ou d&rsquo;un conjoint.<br \/>\n<\/b><br \/>\nEn novembre 2004,\u00a0<b>cr\u00e9ation d&rsquo;une plaquette sur le deuil<\/b>\u00a0dans le Maine et Loire distribu\u00e9e par le service fun\u00e9raire du C.H.U d&rsquo;Angers, l&rsquo;\u00c9tat Civil et l&rsquo;Action Sociale de la CAF de l&rsquo;Anjou.<\/p>\n<p>Des\u00a0<b>journ\u00e9es de formation<\/b>\u00a0sur les m\u00e9ningites pour l&rsquo;ann\u00e9e 2008: Strasbourg le 11 mars, Angers le 20 novembre.<\/p>\n<p>Nous mettons en place plusieurs\u00a0<b>journ\u00e9es de formation<\/b>\u00a0sur les m\u00e9ningites \u00e0\u00a0<b>Lille le 24 Mars 2009<\/b>.\u00a0<b>Rennes, Minist\u00e8re de la Sant\u00e9 \u00e0 Paris en 2009<\/b>.<\/p>\n<p>L&rsquo;Association Audrey met tout en place pour\u00a0<b>cr\u00e9er une fondation sur les m\u00e9ningites<\/b>\u00a0afin de pouvoir mieux aider les famille.<\/p>\n<\/div>\n","protected":false},"excerpt":{"rendered":"<p>Cette association, n\u00e9e du souhait de soulager les parents par la prise en consid\u00e9ration de leur souffrance, a \u00e9t\u00e9\u00a0cr\u00e9\u00e9e le 21 janvier 2000 \u00e0 Ecouflant\u00a0(Maine et Loire)\u00a0par\u00a0Mr et Mme VOISINE, parents d&rsquo;Audrey, d\u00e9c\u00e9d\u00e9e brutalement d&rsquo;une m\u00e9ningite \u00e0 l&rsquo;\u00e2ge de 12 ans, et avec le soutien de\u00a0Mme CHOQUET Marie-Christine. Audrey est d\u00e9c\u00e9d\u00e9e d\u2019un\u00a0\u00ab\u00a0purpura fulminans\u00a0\u00bb,\u00a0soit d\u2019une m\u00e9ningite [&hellip;]<\/p>\n","protected":false},"author":1,"featured_media":0,"parent":110,"menu_order":2,"comment_status":"closed","ping_status":"closed","template":"","meta":{"vkexunit_cta_each_option":"","footnotes":""},"folder":[],"class_list":["post-134","page","type-page","status-publish","hentry"],"jetpack_shortlink":"https:\/\/wp.me\/PbNfD9-2a","jetpack_sharing_enabled":true,"_links":{"self":[{"href":"https:\/\/www.asso-audrey.org\/index.php?rest_route=\/wp\/v2\/pages\/134","targetHints":{"allow":["GET"]}}],"collection":[{"href":"https:\/\/www.asso-audrey.org\/index.php?rest_route=\/wp\/v2\/pages"}],"about":[{"href":"https:\/\/www.asso-audrey.org\/index.php?rest_route=\/wp\/v2\/types\/page"}],"author":[{"embeddable":true,"href":"https:\/\/www.asso-audrey.org\/index.php?rest_route=\/wp\/v2\/users\/1"}],"replies":[{"embeddable":true,"href":"https:\/\/www.asso-audrey.org\/index.php?rest_route=%2Fwp%2Fv2%2Fcomments&post=134"}],"version-history":[{"count":13,"href":"https:\/\/www.asso-audrey.org\/index.php?rest_route=\/wp\/v2\/pages\/134\/revisions"}],"predecessor-version":[{"id":147,"href":"https:\/\/www.asso-audrey.org\/index.php?rest_route=\/wp\/v2\/pages\/134\/revisions\/147"}],"up":[{"embeddable":true,"href":"https:\/\/www.asso-audrey.org\/index.php?rest_route=\/wp\/v2\/pages\/110"}],"wp:attachment":[{"href":"https:\/\/www.asso-audrey.org\/index.php?rest_route=%2Fwp%2Fv2%2Fmedia&parent=134"}],"wp:term":[{"taxonomy":"folder","embeddable":true,"href":"https:\/\/www.asso-audrey.org\/index.php?rest_route=%2Fwp%2Fv2%2Ffolder&post=134"}],"curies":[{"name":"wp","href":"https:\/\/api.w.org\/{rel}","templated":true}]}}